{"id":1118,"date":"2019-04-10T21:19:27","date_gmt":"2019-04-10T19:19:27","guid":{"rendered":"https:\/\/bialenia2.stempel.org.pl\/?page_id=1118"},"modified":"2020-01-06T14:51:16","modified_gmt":"2020-01-06T13:51:16","slug":"76-78-elm","status":"publish","type":"page","link":"https:\/\/bialenia2.stempel.org.pl\/?page_id=1118","title":{"rendered":"76 &#8211; 78 ELM"},"content":{"rendered":"\n<div id=\"naglowek\">74 &#8211; 78 Eskadry Lotnictwa Morskiego<br><br>= \u015bmig\u0142owce wielozadaniowe =<\/div><br>\n\n\n\n<p style=\"text-align:center\"><strong>74. Eskadra Lotnictwa Morskiego (74 ELM)<\/strong> <br><strong>75. Eskadra Lotnictwa Morskiego (75 ELM)<\/strong> <br><strong>   76. Eskadra Lotnictwa Morskiego (76 ELM)<\/strong>    <br><strong>77. Eskadra Lotnictwa Morskiego (77 ELM)<\/strong><br><strong>78. Eskadra Lotnictwa Morskiego (78 ELM)<\/strong><\/p>\n\n\n\n<p style=\"text-align:center\"><strong>= \u015bmig\u0142owce HU-7S =<\/strong><\/p>\n\n\n\n<div class=\"wp-block-image\"><figure class=\"aligncenter\"><img decoding=\"async\" loading=\"lazy\" width=\"547\" height=\"260\" src=\"https:\/\/bialenia2.stempel.org.pl\/wp-content\/uploads\/2019\/04\/76-78ELM_etat.png\" alt=\"\" class=\"wp-image-1119\" srcset=\"https:\/\/bialenia2.stempel.org.pl\/wp-content\/uploads\/2019\/04\/76-78ELM_etat.png 547w, https:\/\/bialenia2.stempel.org.pl\/wp-content\/uploads\/2019\/04\/76-78ELM_etat-300x143.png 300w\" sizes=\"(max-width: 547px) 100vw, 547px\" \/><figcaption>Struktura organizacyjna HU-7S<\/figcaption><\/figure><\/div>\n\n\n\n<p>Eskadry  o identycznym sk\u0142adzie, s\u0105 wyposa\u017cone w \u015bmig\u0142owce wielozadaniowe typu  HU-7S. Maszyny eskadr s\u0105 przeznaczone do transportu i desantowania  \u017co\u0142nierzy piechoty morskiej z pok\u0142ad\u00f3w okr\u0119t\u00f3w lotniczo-desantowych i  desantowych, mog\u0105 r\u00f3wnie\u017c operowa\u0107 z innych okr\u0119t\u00f3w, je\u017celi maj\u0105  l\u0105dowiska o odpowiednich wymiarach. \u015amig\u0142owce HU-7S wykonuj\u0105 te\u017c zadania  z zakresu ratownictwa morskiego.<\/p>\n\n\n\n<p class=\"art\">Ka\u017cda eskadra sk\u0142ada si\u0119 z \nklucza dowodzenia, klucza logistycznego, czterech kluczy licz\u0105cych po 4 \u015bmig\u0142owce HU-7S oraz klucza technicznego z 2 \u015bmig\u0142owcami rezerwowymi &#8211; \u0142\u0105cznie licz\u0105 po 18 maszyn, jednak zwykle operuj\u0105 z pok\u0142adu okr\u0119t\u00f3w 2-3 kluczami (desantowanie \u017co\u0142nierzy z okr\u0119t\u00f3w lotniczo-desantowych) lub pojedynczo\/parami (transport, komunikacja i dzia\u0142ania ratownicze).<\/p>\n\n\n\n<div class=\"wp-block-image\"><figure class=\"aligncenter\"><img decoding=\"async\" loading=\"lazy\" width=\"700\" height=\"315\" src=\"https:\/\/bialenia2.stempel.org.pl\/wp-content\/uploads\/2020\/01\/HU-7S-3.png\" alt=\"\" class=\"wp-image-9177\" srcset=\"https:\/\/bialenia2.stempel.org.pl\/wp-content\/uploads\/2020\/01\/HU-7S-3.png 700w, https:\/\/bialenia2.stempel.org.pl\/wp-content\/uploads\/2020\/01\/HU-7S-3-300x135.png 300w\" sizes=\"(max-width: 700px) 100vw, 700px\" \/><figcaption>\u015amig\u0142owiec HU-7S w malowaniu wprowadzonym na prze\u0142omie pa\u017adziernika i listopada 2019<\/figcaption><\/figure><\/div>\n\n\n\n<div class=\"wp-block-image\"><figure class=\"aligncenter\"><img decoding=\"async\" loading=\"lazy\" width=\"700\" height=\"301\" src=\"https:\/\/bialenia2.stempel.org.pl\/wp-content\/uploads\/2019\/04\/76-78ELM_foto.jpg\" alt=\"\" class=\"wp-image-1120\" srcset=\"https:\/\/bialenia2.stempel.org.pl\/wp-content\/uploads\/2019\/04\/76-78ELM_foto.jpg 700w, https:\/\/bialenia2.stempel.org.pl\/wp-content\/uploads\/2019\/04\/76-78ELM_foto-300x129.jpg 300w\" sizes=\"(max-width: 700px) 100vw, 700px\" \/><figcaption>\u015amig\u0142owiec HU-7S w dawnym, szarym malowaniu stosowanym od 2014 do pa\u017adziernika 2019<\/figcaption><\/figure><\/div>\n\n\n\n<p style=\"color:#a30003;text-align:center\" class=\"has-text-color\"><strong>W okresie od 2014 do pa\u017adziernika 2019 74 i 75 Eskadra by\u0142y wyposa\u017cone w \u015bmig\u0142owce HU-4S &#8211; obecnie ju\u017c wycofane z eksploatacji<\/strong><\/p>\n\n\n\n<div class=\"wp-block-button aligncenter\"><a class=\"wp-block-button__link has-background\" href=\"https:\/\/bialenia2.stempel.org.pl\/?page_id=1114\" style=\"background-color:#d2191c\"> 74 i 75 Eskadra przed przezbrojeniem<\/a><\/div>\n\n\n\n<div class=\"wp-block-button aligncenter\"><a class=\"wp-block-button__link has-background has-blue-background-color\" href=\"https:\/\/bialenia2.stempel.org.pl\/?page_id=1150\"> Powr\u00f3t do listy Eskadr Lotnictwa Morskiego <\/a><\/div>\n","protected":false},"excerpt":{"rendered":"<p>74 &#8211; 78 Eskadry Lotnictwa Morskiego = \u015bmig\u0142owce wielozadaniowe = 74. Eskadra Lotnictwa Morskiego (74 ELM) 75. Eskadra Lotnictwa Morskiego (75 ELM) 76. Eskadra Lotnictwa Morskiego (76 ELM) 77. Eskadra Lotnictwa Morskiego (77 ELM)78. Eskadra Lotnictwa Morskiego (78 ELM) = <a class=\"more-link\" href=\"https:\/\/bialenia2.stempel.org.pl\/?page_id=1118\">Czytaj dalej  <span class=\"screen-reader-text\">  76 &#8211; 78 ELM<\/span><span class=\"meta-nav\">&rarr;<\/span><\/a><\/p>\n","protected":false},"author":2,"featured_media":0,"parent":0,"menu_order":0,"comment_status":"closed","ping_status":"closed","template":"","meta":{"footnotes":""},"uagb_featured_image_src":{"full":false,"thumbnail":false,"medium":false,"medium_large":false,"large":false,"1536x1536":false,"2048x2048":false,"featured-slider-larger":false,"featured-slider":false},"uagb_author_info":{"display_name":"Ronon","author_link":"https:\/\/bialenia2.stempel.org.pl\/?author=2"},"uagb_comment_info":0,"uagb_excerpt":"74 &#8211; 78 Eskadry Lotnictwa Morskiego = \u015bmig\u0142owce wielozadaniowe = 74. Eskadra Lotnictwa Morskiego (74 ELM) 75. Eskadra Lotnictwa Morskiego (75 ELM) 76. Eskadra Lotnictwa Morskiego (76 ELM) 77. Eskadra Lotnictwa Morskiego (77 ELM)78. Eskadra Lotnictwa Morskiego (78 ELM) = Czytaj dalej 76 &#8211; 78 ELM&rarr;","_links":{"self":[{"href":"https:\/\/bialenia2.stempel.org.pl\/index.php?rest_route=\/wp\/v2\/pages\/1118"}],"collection":[{"href":"https:\/\/bialenia2.stempel.org.pl\/index.php?rest_route=\/wp\/v2\/pages"}],"about":[{"href":"https:\/\/bialenia2.stempel.org.pl\/index.php?rest_route=\/wp\/v2\/types\/page"}],"author":[{"embeddable":true,"href":"https:\/\/bialenia2.stempel.org.pl\/index.php?rest_route=\/wp\/v2\/users\/2"}],"replies":[{"embeddable":true,"href":"https:\/\/bialenia2.stempel.org.pl\/index.php?rest_route=%2Fwp%2Fv2%2Fcomments&post=1118"}],"version-history":[{"count":5,"href":"https:\/\/bialenia2.stempel.org.pl\/index.php?rest_route=\/wp\/v2\/pages\/1118\/revisions"}],"predecessor-version":[{"id":9178,"href":"https:\/\/bialenia2.stempel.org.pl\/index.php?rest_route=\/wp\/v2\/pages\/1118\/revisions\/9178"}],"wp:attachment":[{"href":"https:\/\/bialenia2.stempel.org.pl\/index.php?rest_route=%2Fwp%2Fv2%2Fmedia&parent=1118"}],"curies":[{"name":"wp","href":"https:\/\/api.w.org\/{rel}","templated":true}]}}