{"id":1114,"date":"2019-04-10T21:15:01","date_gmt":"2019-04-10T19:15:01","guid":{"rendered":"https:\/\/bialenia2.stempel.org.pl\/?page_id=1114"},"modified":"2020-01-12T09:47:39","modified_gmt":"2020-01-12T08:47:39","slug":"71-75-elm","status":"publish","type":"page","link":"https:\/\/bialenia2.stempel.org.pl\/?page_id=1114","title":{"rendered":"71 &#8211; 75 ELM"},"content":{"rendered":"\n<div id=\"naglowek\">Dawne 71 &#8211; 75 Eskadry Lotnictwa Morskiego <br><br><strong><em>= \u015bmig\u0142owce wielozadaniowe =<\/div><br>\n\n\n\n<p style=\"text-align:center\"><strong>71. Eskadra Lotnictwa Morskiego (71 ELM)<\/strong><br><strong>72. Eskadra Lotnictwa Morskiego (72 ELM)<\/strong><br><strong>73. Eskadra Lotnictwa Morskiego (73 ELM)<\/strong><br><strong>74. Eskadra Lotnictwa Morskiego (74 ELM)<\/strong><br><strong>75. Eskadra Lotnictwa Morskiego (75 ELM)<\/strong><\/p>\n\n\n\n<p style=\"text-align:center\"><strong>= \u015bmig\u0142owce HU-4S =<\/strong><\/p>\n\n\n\n<div class=\"wp-block-image\"><figure class=\"aligncenter\"><img decoding=\"async\" loading=\"lazy\" width=\"547\" height=\"247\" src=\"https:\/\/bialenia2.stempel.org.pl\/wp-content\/uploads\/2019\/04\/71-75ELM_etat.png\" alt=\"\" class=\"wp-image-1115\" srcset=\"https:\/\/bialenia2.stempel.org.pl\/wp-content\/uploads\/2019\/04\/71-75ELM_etat.png 547w, https:\/\/bialenia2.stempel.org.pl\/wp-content\/uploads\/2019\/04\/71-75ELM_etat-300x135.png 300w\" sizes=\"(max-width: 547px) 100vw, 547px\" \/><figcaption>Struktura organizacyjna 71-75 ELM<\/figcaption><\/figure><\/div>\n\n\n\n<p class=\"art\">Eskadry  o identycznym sk\u0142adzie, s\u0105 wyposa\u017cone w \u015bmig\u0142owce wielozadaniowe typu  HU-4S. Maszyny eskadr s\u0105 przeznaczone do transportu i desantowania  \u017co\u0142nierzy piechoty morskiej z pok\u0142ad\u00f3w okr\u0119t\u00f3w lotniczo-desantowych i  desantowych, mog\u0105 r\u00f3wnie\u017c operowa\u0107 z innych okr\u0119t\u00f3w, nawet je\u017celi  posiadaj\u0105 one niewielkie l\u0105dowiska na pok\u0142adzie.<\/p>\n\n\n\n<p class=\"art\">Ka\u017cda eskadra sk\u0142ada si\u0119 z klucza dowodzenia, klucza logistycznego, czterech kluczy licz\u0105cych po 4 \u015bmig\u0142owce HU-4S oraz klucza technicznego z 2 \u015bmig\u0142owcami rezerwowymi &#8211; \u0142\u0105cznie licz\u0105 po 18 maszyn, jednak zwykle operuj\u0105 z pok\u0142adu okr\u0119t\u00f3w 2-3 kluczami (desantowanie \u017co\u0142nierzy z okr\u0119t\u00f3w \nlotniczo-desantowych) lub pojedynczo (transport i komunikacja).<\/p>\n\n\n\n<div class=\"wp-block-image\"><figure class=\"aligncenter\"><img decoding=\"async\" loading=\"lazy\" width=\"700\" height=\"216\" src=\"https:\/\/bialenia2.stempel.org.pl\/wp-content\/uploads\/2019\/04\/71-75ELM_foto.jpg\" alt=\"\" class=\"wp-image-1116\" srcset=\"https:\/\/bialenia2.stempel.org.pl\/wp-content\/uploads\/2019\/04\/71-75ELM_foto.jpg 700w, https:\/\/bialenia2.stempel.org.pl\/wp-content\/uploads\/2019\/04\/71-75ELM_foto-300x93.jpg 300w\" sizes=\"(max-width: 700px) 100vw, 700px\" \/><figcaption>\u015amig\u0142owiec HU-4S<\/figcaption><\/figure><\/div>\n\n\n\n<div class=\"wp-block-button aligncenter\"><a class=\"wp-block-button__link has-background has-blue-background-color\" href=\"https:\/\/bialenia2.stempel.org.pl\/?page_id=1150\">Powr\u00f3t do listy Eskadr Lotnictwa Morskiego<br><\/a><\/div>\n","protected":false},"excerpt":{"rendered":"<p>Dawne 71 &#8211; 75 Eskadry Lotnictwa Morskiego = \u015bmig\u0142owce wielozadaniowe = 71. Eskadra Lotnictwa Morskiego (71 ELM)72. Eskadra Lotnictwa Morskiego (72 ELM)73. Eskadra Lotnictwa Morskiego (73 ELM)74. Eskadra Lotnictwa Morskiego (74 ELM)75. Eskadra Lotnictwa Morskiego (75 ELM) = \u015bmig\u0142owce HU-4S <a class=\"more-link\" href=\"https:\/\/bialenia2.stempel.org.pl\/?page_id=1114\">Czytaj dalej  <span class=\"screen-reader-text\">  71 &#8211; 75 ELM<\/span><span class=\"meta-nav\">&rarr;<\/span><\/a><\/p>\n","protected":false},"author":2,"featured_media":0,"parent":0,"menu_order":0,"comment_status":"closed","ping_status":"closed","template":"","meta":{"footnotes":""},"uagb_featured_image_src":{"full":false,"thumbnail":false,"medium":false,"medium_large":false,"large":false,"1536x1536":false,"2048x2048":false,"featured-slider-larger":false,"featured-slider":false},"uagb_author_info":{"display_name":"Ronon","author_link":"https:\/\/bialenia2.stempel.org.pl\/?author=2"},"uagb_comment_info":0,"uagb_excerpt":"Dawne 71 &#8211; 75 Eskadry Lotnictwa Morskiego = \u015bmig\u0142owce wielozadaniowe = 71. Eskadra Lotnictwa Morskiego (71 ELM)72. Eskadra Lotnictwa Morskiego (72 ELM)73. Eskadra Lotnictwa Morskiego (73 ELM)74. Eskadra Lotnictwa Morskiego (74 ELM)75. Eskadra Lotnictwa Morskiego (75 ELM) = \u015bmig\u0142owce HU-4S Czytaj dalej 71 &#8211; 75 ELM&rarr;","_links":{"self":[{"href":"https:\/\/bialenia2.stempel.org.pl\/index.php?rest_route=\/wp\/v2\/pages\/1114"}],"collection":[{"href":"https:\/\/bialenia2.stempel.org.pl\/index.php?rest_route=\/wp\/v2\/pages"}],"about":[{"href":"https:\/\/bialenia2.stempel.org.pl\/index.php?rest_route=\/wp\/v2\/types\/page"}],"author":[{"embeddable":true,"href":"https:\/\/bialenia2.stempel.org.pl\/index.php?rest_route=\/wp\/v2\/users\/2"}],"replies":[{"embeddable":true,"href":"https:\/\/bialenia2.stempel.org.pl\/index.php?rest_route=%2Fwp%2Fv2%2Fcomments&post=1114"}],"version-history":[{"count":5,"href":"https:\/\/bialenia2.stempel.org.pl\/index.php?rest_route=\/wp\/v2\/pages\/1114\/revisions"}],"predecessor-version":[{"id":9287,"href":"https:\/\/bialenia2.stempel.org.pl\/index.php?rest_route=\/wp\/v2\/pages\/1114\/revisions\/9287"}],"wp:attachment":[{"href":"https:\/\/bialenia2.stempel.org.pl\/index.php?rest_route=%2Fwp%2Fv2%2Fmedia&parent=1114"}],"curies":[{"name":"wp","href":"https:\/\/api.w.org\/{rel}","templated":true}]}}